4*d, -61 = -4*i - 3*d. Calculate the remainder when 1 - -36 - ((-4 - -7) + -2) is divided by i.
10
Let r = -6 - -2. What is the remainder when 4 is divided by r*((-3)/3)/2?
0
Let o = -9 + 15. Let c be (16/o)/((-2)/(-3)). Calculate the remainder when 2 - (-3 + -7*c) is divided by 17.
16
Let j be 14/6 - 4/(-6). Suppose -3*y = 3*n + 15, j*n = 4*y - n + 60. Let k = y - -24. What is the remainder when 41 is divided by k?
13
Let b(h) = 2*h**2 - 3*h + 4. Let w be b(3). Suppose -m + w = -4. Let g = -6 + m. What is the remainder when 32 is divided by g?
10
Suppose 0 = -2*y - 10, -2*g + 3*y - 4*y = 5. Suppose 4*l = -g*l + 8. Suppose -3*x = l*x - 60. What is the remainder when 21 is divided by x?
9
Suppose 5*u = 2*b + 25, -u - 2*b + 5*b - 8 = 0. What is the remainder when ((-12)/(-7))/(1/7) is divided by u?
5
Let q(r) = -r**2 + 6*r + 10. What is the remainder when 8 is divided by q(7)?
2
Suppose -5*k = -0*q + 3*q - 86, 130 = 5*q + 5*k. What is the remainder when 84 is divided by q?
18
Suppose 4*w + 16 = 0, -2*l + 45 + 43 = -w. Calculate the remainder when l is divided by 22.
20
What is the remainder when 95 is divided by 20/3*(-48)/(-10)?
31
Let o = -142 + 276. What is the remainder when o is divided by 27?
26
Let u(s) = 102*s**3 + 2*s**2 - 1. Let i be u(1). Let l = i + -45. What is the remainder when l is divided by 20?
18
Let f(i) = -i**2 - 9*i + 2. Let v = -1 + -4. What is the remainder when 63 is divided by f(v)?
19
Let u(g) = -9*g + 0*g**2 + 7*g**2 + 10 - 6*g**2. Let z be u(8). Suppose z*f - 15 - 13 = 0. What is the remainder when 27 is divided by f?
13
Let c(o) = 2*o + 2*o**2 + 3*o - 3 + 9. Let b(f) = -4*f**3 - f**2 + 2*f - 1. Let v be b(1). What is the remainder when 52 is divided by c(v)?
16
Calculate the remainder when 173 is divided by (-3)/(((-173)/88 - -2)*-2).
41
Let d(s) be the third derivative of s**4/4 - s**3 + 2*s**2. Let f be d(8). Suppose -5*z + 168 + f = 0. What is the remainder when z is divided by 22?
20
Let o = 60 - 34. Calculate the remainder when 100 is divided by o.
22
Let r(b) = b**2 + 3*b - 7. Calculate the remainder when 123/(-4)*(-184)/69 is divided by r(-7).
19
Suppose 0 = -2*j - 2*i, -3*i - 6 = 2*j - j. Suppose 57 = -j*k + 6*k. What is the remainder when 55 is divided by k?
17
What is the remainder when 14 is divided by 4 - (-1 + (-9 - -6))?
6
Suppose 0 = 10*k - 15*k + 50. What is the remainder when k is divided by 6?
4
Suppose 0 = -4*o + 3*o. Let w be (o - 1) + 0 - 2. Calculate the remainder when 17*8/(-6)*w is divided by 23.
22
Let k(h) = h + 128. Let z be k(0). Suppose 3*d - z = -38. Calculate the remainder when d is divided by 11.
8
Let n(r) = 12*r - 1. Suppose 4*m = 2*y - 4, -1 = 3*m - 4*y + 2*y. Let z = 4 + m. What is the remainder when n(z) is divided by 6?
5
Let f(b) = b**3 - 4*b**2 - 4*b - 3. Let t be f(5). Suppose -x - 3*x - 3*y = 7, 3*y = -2*x - 11. Calculate the remainder when x is divided by (t + 0)*(-2)/(-4).
0
Suppose 3*t + 52 = 7*t. Calculate the remainder when 62 is divided by t.
10
Calculate the remainder when 58 is divided by 193/6 - 33/198.
26
Let f be (6/(-9))/((-3)/9). Suppose 5*b - 149 = -a, 3*b = f*b - 2*a + 28. What is the remainder when 88 is divided by b?
28
Let o be 16/4 - 0 - -7. Suppose 9 = y + c, o + 32 = 3*y - 5*c. What is the remainder when 21 is divided by y?
10
Suppose 0*v - 35 = -5*v. Calculate the remainder when v is divided by 4.
3
Suppose 2*h = p + 2, 0 = p + 4*p - 3*h + 38. Let o be ((-24)/p)/(5/25). Suppose -26 = o*y - 13*y. Calculate the remainder when y is divided by 9.
8
Suppose 5*t = -5, n + 2*t + 52 = 4*t. Let o = -14 - n. Calculate the remainder when o is divided by 14.
12
Let u(r) be the first derivative of 23*r**3/3 - r**2/2 + 15. Suppose m - 3*m + 2 = 0. Calculate the remainder when u(m) is divided by 8.
6
Suppose 5*j + 4*v = 236, j - 2*j + 5*v = -53. Let c = j + -29. Calculate the remainder when 37 is divided by c.
18
Suppose 21*j = 28*j - 42. Suppose 21 = -5*u + 136. What is the remainder when (u + (-2 - -1))/2 is divided by j?
5
Let i(r) = 1 - 3*r - 13 + 5*r + r**3 - 5*r**2 - 4*r. Calculate the remainder when i(6) is divided by 7.
5
Let y = -6 - -14. Let l = 28 - y. What is the remainder when l is divided by 7?
6
Suppose 6 = -3*f, 4*v + 2*f = 3 + 21. Suppose 32 = 2*c - 36. Calculate the remainder when c is divided by v.
6
Let f(l) = l - 9. Let j be f(13). Suppose -m = -j*b + 54 - 10, 4*b = -m + 44. Calculate the remainder when ((-62)/(-4))/((-2)/(-4)) is divided by b.
9
Suppose -h + 32 - 9 = -2*t, 0 = -3*h + 5*t + 73. Suppose -5*b = -3*p, -p = 2*b + 4*p + h. Calculate the remainder when 11 - b*4/(-6) is divided by 6.
3
Suppose r = 3*u + 4*r - 3, -5*u = 2*r - 2. Suppose -2 = -0*t + t, -3*h + t + 8 = u. What is the remainder when h is divided by 2?
0
Let x be -2 - (-1 - (-1 + 2)). Suppose x - 3 = -3*z + p, 0 = -3*z - p + 9. Suppose z*s + 33 = 5*s. What is the remainder when s is divided by 4?
3
Let d(r) = -11*r - 54. Calculate the remainder when 59 is divided by d(-6).
11
Let p(l) = 4*l - 10*l + l**2 + 2*l**2 - 4 + l**3. Calculate the remainder when p(-4) is divided by 2.
0
Suppose 3*s + 3*r - 12 = 0, -4*s + 4*r - 11 + 27 = 0. Let y = 4 - 0. Suppose -y*d + 18 = -d. What is the remainder when d is divided by s?
2
Suppose 2*p = -f + 13, -2*p + 6*p = -f + 29. What is the remainder when 14 is divided by p?
6
Suppose 2*d + d + 54 = 0. Let f be (-8)/36 + (-22)/d. Calculate the remainder when 1*(23 - 3)*f is divided by 11.
9
Let d(a) = 3*a**3 - 2*a**2 - 2*a + 2. Let l = -977 - -1017. Calculate the remainder when l is divided by d(2).
12
Suppose 6 = -u + 1. Let f = u + 7. Suppose -2*b - b + m + 47 = 0, 3*b - f*m - 52 = 0. What is the remainder when 27 is divided by b?
13
What is the remainder when 59 is divided by -30*((-55)/10)/11?
14
Let t(a) = a + 1. Let m be t(-8). Let g = 4 + m. Calculate the remainder when 8 is divided by 9 + g - 1/1.
3
Let q(g) = g**2 + 3*g - 4. Let c be q(-5). Suppose -c = 5*m - 26. Suppose 7*h - 120 = m*h + 2*d, -15 = -5*d. Calculate the remainder when h is divided by 11.
9
Suppose 4*l - 80 - 320 = 0. What is the remainder when l is divided by 34?
32
Suppose 0*u + 4*u + 36 = 0. Let k = u + 28. Let s(h) = -h**2 - 7*h + 10. Calculate the remainder when k is divided by s(-7).
9
Suppose 0 = 19*v - 24*v + 20. Calculate the remainder when v is divided by 1.
0
Suppose -u - 2 + 9 = 0. Suppose 10 = -5*f + 3*y - u, 2*f - 4*y = -18. What is the remainder when 24 is divided by (-26)/2*1/f?
11
Suppose v - 97 = -5*g, 3*v = 5*v - 4. Calculate the remainder when 70 is divided by g.
13
Let s(m) = -12*m**3 + 6*m**2 - 13*m + 7. Let c(l) = 4*l**3 - 2*l**2 + 4*l - 2. Let u(a) = 7*c(a) + 2*s(a). Calculate the remainder when u(2) is divided by 10.
8
What is the remainder when 19 is divided by 12/(-28) - 76/(-14)?
4
Let d = -7 - -10. What is the remainder when d is divided by 3?
0
Let x = 3 + 4. Suppose r - 6 = -2. What is the remainder when x is divided by r?
3
Let i(g) = -g**2 - 13*g + 56. Calculate the remainder when 60 is divided by i(-16).
4
Suppose -10*q + 3*q = -105. What is the remainder when 54 is divided by q?
9
Suppose 5*t + 10 = -0*t, 2*t + 30 = h. What is the remainder when h is divided by 7?
5
Suppose m + 29 - 91 = 0. What is the remainder when m is divided by 13?
10
Let u = 43 + -40. What is the remainder when 6 is divided by u?
0
Suppose -8*n - 60 = -11*n. Calculate the remainder when n is divided by 8.
4
Calculate the remainder when 15 is divided by (-4)/8 - (34/(-4) - -1).
1
Let o = 95 + -50. Suppose 22 + 26 = 4*y. What is the remainder when o is divided by y?
9
Suppose 8*z - 198 = -38. Suppose 2*t + 58 = 3*t. Calculate the remainder when t is divided by z.
18
Suppose 0 = -7*x - 5*x + 1152. Calculate the remainder when x is divided by 33.
30
Let n(i) = -i + 13. Suppose 0 = -h + 29 - 9. What is the remainder when h is divided by n(6)?
6
Suppose 0 = x - 5*u - 137, -2*x + 4*u = -352 + 90. Calculate the remainder when x is divided by 32.
31
Suppose -2*x + 6*a + 29 = a, -3 = x + a. Suppose -45 = x*c + 3*c. Let i = 17 + c. Calculate the remainder when 23 is divided by i.
7
Suppose 17 = 4*s + 1. Suppose 55*i - 24 = 51*i. What is the remainder when i is divided by s?
2
Let l be -4 - -1 - (77 - 1). Let o = -35 - l. Calculate the remainder when o is divided by 23.
2